d) = 2*d**3 - 2*d**2 - 22*d + 242. What is n(9)?
1340
Let s(w) = w**2 + 35235*w + 457960. Give s(-13).
74
Let q(y) = -5*y**3 - 965*y**2 - 39904*y - 242. Determine q(-60).
-2
Let q(m) = -306*m + 1742. Determine q(7).
-400
Let r(l) = 18*l**3 - l**2 + 166*l + 507. Determine r(-3).
-486
Let l(r) = r**3 + 291*r**2 - 1969*r - 820. What is l(7)?
-1
Let a(r) = 11*r**2 + 160*r + 610. Determine a(-4).
146
Let l(r) = -662*r + 75845. Give l(116).
-947
Let w(v) = -11*v**2 - 1352*v - 1179. Give w(-122).
41
Let g(j) = -2*j**3 - 17*j**2 - 2*j - 67. Give g(-9).
32
Let j(f) = 1922724*f + 28840865. What is j(-15)?
5
Let g(y) = y**2 - 3737*y - 86490. Determine g(-23).
-10
Let f(k) = 2*k**3 + 36*k**2 - 87*k - 944. Calculate f(-19).
-13
Let d(p) = 22106*p + 6256001. Calculate d(-283).
3
Let r(q) = -148*q**3 - 3*q**2 + 72*q + 153. Determine r(-2).
1181
Let b(y) = 16*y**2 + 3367*y - 1894. Calculate b(-211).
5
Let b(n) = 367*n**2 - 2856*n - 5. Determine b(8).
635
Let j(x) = -2*x**3 - 2028*x**2 + 8135*x - 9165. Give j(-1018).
-3
Let q(h) = -7*h**2 + 2901*h - 23214. Determine q(8).
-454
Let j(o) = -7*o**3 + 1632*o**2 - 363*o + 30273. What is j(233)?
-17
Let l(n) = 21216*n - 3076300. Calculate l(145).
20
Let s(y) = -3559*y - 558732. Give s(-157).
31
Let a(s) = -2522*s + 19871. What is a(8)?
-305
Let l(y) = -2*y**2 + 21*y + 3480. Determine l(49).
-293
Let w(u) = 63*u**2 - 4652*u - 709. Give w(74).
31
Let o(a) = -3*a**3 + 22*a**2 - 8124*a + 65127. Give o(8).
7
Let y(o) = o**3 - 23*o**2 + 89*o + 275. Give y(7).
114
Let g(s) = -11*s**3 - 8937*s**2 - 4043*s + 13801. What is g(-812)?
-3
Let p(s) = 3005*s**2 + 129212*s - 140. What is p(-43)?
-11
Let y(a) = -a**3 + 601*a**2 + 13675*a + 19321. What is y(623)?
8
Let c(n) = -n**3 - 113*n**2 + 127*n + 2021. Calculate c(-114).
539
Let v(a) = 14*a**2 - 18555*a + 74008. Give v(4).
12
Let h(u) = -u**2 - 101*u + 12828. Determine h(-174).
126
Let n(c) = 75884*c - 607054. What is n(8)?
18
Let n(g) = 817834*g - 4089222. Calculate n(5).
-52
Let h(k) = 2*k**3 - 290*k**2 + 6733*k - 150. Give h(29).
-5
Let f(j) = -5*j**3 - 732*j**2 - 2413*j + 2570. What is f(-143)?
-4
Let y(s) = 9704*s + 57252. What is y(-6)?
-972
Let u(v) = -35*v**2 - 124*v - 615. Calculate u(-5).
-870
Let y(h) = -8*h**2 + 141*h - 170. Calculate y(14).
236
Let p(z) = 8*z**3 - 349*z**2 + 3404*z - 176. Give p(29).
143
Let i(n) = -2*n**3 + 77*n**2 - 722*n + 1758. Give i(9).
39
Let z(w) = 9*w**2 - 711*w + 2828. What is z(4)?
128
Let l(f) = 9*f**2 - 16*f + 115. What is l(8)?
563
Let t(j) = -293141*j - 169. Give t(0).
-169
Let k(i) = i**3 + 146*i**2 + 5124*i - 556. Give k(-59).
-25
Let y(f) = 2532*f - 73582. Determine y(29).
-154
Let o(k) = -9*k**3 - 44*k**2 + 7*k + 6. Calculate o(-4).
-150
Let r(f) = -f**3 + 84*f**2 + 78*f + 578. Calculate r(85).
-17
Let m(w) = -11*w**3 + 131*w**2 + 25*w - 184. Calculate m(12).
-28
Let i(n) = -6*n**2 + 7*n - 82. Calculate i(6).
-256
Let z(b) = -3*b**3 + 1672*b**2 + 2809*b - 7844. Calculate z(559).
-18
Let l(k) = k**3 - 142*k**2 + 10*k - 1433. Determine l(142).
-13
Let l(v) = 2*v**3 - 8*v**2 - 26*v - 118. Calculate l(7).
-6
Let b(k) = k**2 - 1588*k + 622868. Give b(707).
1
Let u(o) = 2*o**3 + 888*o**2 + 389*o + 172724. Give u(-444).
8
Let v(g) = g**3 - 35*g**2 + 42*g - 14123. Calculate v(42).
-11
Let o(h) = -2*h**2 - 47*h + 42502. Calculate o(-158).
0
Let k(d) = -3*d**3 + 19*d**2 - 1146*d + 5639. What is k(5)?
9
Let g(n) = -n**3 - 31*n**2 + 441*n - 31. Determine g(10).
279
Let i(v) = -v**3 - 2984*v**2 - 23875*v - 351. Give i(-8).
185
Let v(n) = n**3 + 48*n**2 - 17*n + 719. Determine v(-49).
-849
Let j(d) = -788493*d - 8673424. Give j(-11).
-1
Let o(p) = -p**3 - 26*p**2 - 61*p + 591. What is o(-23)?
407
Let c(x) = 5*x**3 + 167*x**2 - 207*x + 2529. What is c(-35)?
-26
Let z(q) = -112*q**2 - 9*q + 382. Give z(-2).
-48
Let o(n) = -n**3 + 31*n**2 + 1472*n - 259. Calculate o(-26).
1
Let i(a) = a**2 + 2091*a - 244760. What is i(111)?
-338
Let l(f) = -f**2 + 101513*f + 406073. What is l(-4)?
5
Let n(i) = -i**2 + 38*i - 90. Determine n(34).
46
Let v(a) = 10*a**2 - 798*a + 13625. Give v(26).
-363
Let l(y) = -2*y**2 - 429*y - 22510. Give l(-124).
-66
Let w(v) = v**2 - 50*v - 294. What is w(55)?
-19
Let u(n) = -n**2 + 16*n + 1094. Determine u(24).
902
Let n(i) = 2179*i - 28256. Calculate n(13).
71
Let k(u) = 30*u**2 + 509*u + 1554. What is k(-4)?
-2
Let y(q) = -3*q**3 + 76*q**2 - 353*q + 53. Calculate y(18).
827
Let i(f) = 31*f**2 - 1381*f - 9428. What is i(-6)?
-26
Let d(w) = 6*w**3 + 6*w**2 + 1672*w + 5125. Determine d(-3).
1
Let a(t) = -6*t**2 + 373*t - 3461. Give a(51).
-44
Let p(b) = -15*b**2 + 69*b + 253. What is p(7)?
1
Let p(k) = 8352*k + 50151. Give p(-6).
39
Let l(v) = -v**2 - 597*v + 14251. Give l(23).
-9
Let q(v) = -5354*v + 985126. Give q(184).
-10
Let z(a) = a**2 - 2624*a - 106564. Give z(-40).
-4
Let o(s) = -7*s**3 + 33*s**2 - 906*s - 941. Give o(-1).
5
Let s(v) = 98*v**3 - 7355*v**2 + 384*v - 687. Calculate s(75).
-12
Let w(x) = 22*x**2 + 7116*x - 14246. Give w(2).
74
Let o(t) = 258240*t + 7230737. Determine o(-28).
17
Let x(i) = 24*i**3 - 62*i**2 - 25*i + 5. What is x(3)?
20
Let s(h) = -2*h**2 + 479*h - 24966. What is s(160)?
474
Let p(c) = -c**2 - 106*c + 18756. Calculate p(94).
-44
Let z(c) = -c**3 - 15*c**2 + 115*c + 1546. What is z(-13)?
-287
Let t(l) = l**3 - 10*l**2 + 52*l + 279. Calculate t(-5).
-356
Let t(q) = -3*q**3 + 210*q**2 + 637*q - 38. Determine t(-3).
22
Let a(y) = 2*y**3 + 15*y**2 + 96*y + 632. Give a(-7).
9
Let z(q) = -88178*q - 1322668. Determine z(-15).
2
Let k(b) = -2032*b - 969196. Determine k(-477).
68
Let c(a) = 769*a - 34607. Calculate c(45).
-2
Let n(f) = -3*f**2 + 51643*f + 258291. What is n(-5)?
1
Let j(d) = -55*d**2 + 151927*d + 151926. Calculate j(-1).
-56
Let z(g) = 106*g - 4185. Give z(39).
-51
Let s(l) = 278*l**2 + 45318*l + 411. Determine s(-163).
-241
Let z(y) = 4*y**3 - 1023*y**2 + 762*y + 776. Give z(255).
11
Let f(x) = -2*x**3 + 1057*x**2 - 9942*x + 41974. What is f(519)?
-65
Let n(k) = 22*k**2 - 1753*k - 32010. Give n(95).
5
Let n(s) = 17019*s**2 - 136156*s + 30. What is n(8)?
-2
Let v(w) = 24136*w - 1641205. Give v(68).
43
Let w(g) = 229*g - 4315. What is w(19)?
36
Let a(y) = y**3 + 54*y**2 - 706*y + 387. What is a(-65)?
-198
Let c(b) = -b**3 - 104*b**2 - 1722*b + 18. What is c(-83)?
-1725
Let h(t) = -827*t**3 - t**2 - 194*t - 194. Give h(-1).
826
Let z(h) = -67*h**2 - 3762*h - 23471. Calculate z(-49).
0
Let i(h) = -1249*h - 4676. Calculate i(-3).
-929
Let t(h) = -2825*h + 313549. What is t(111)?
-26
Let z(a) = -a**2 - 352*a - 29543. What is z(-138)?
-11
Let o(x) = -89243*x + 177879. Determine o(2).
-607
Let h(o) = 1848*o**2 + 205170*o + 4660. Determine h(-111).
-2
Let w(c) = -c**3 + 79*c**2 - 134*c + 449. Determine w(78).
-3919
Let z(c) = 21444*c + 214385. Give z(-10).
-55
Let f(j) = -j**3 - 53393*j**2 + 213587*j + 10. Determine f(4).
6
Let f(o) = 183583*o + 40204665. Give f(-219).
-12
Let s(a) = 2004*a + 851790. Determine s(-425).
90
Let n(x) = 4426*x + 13256. Give n(-3).
-22
Let q(d) = -d**3 - 206*d**2 - 8*d - 1901. Determine q(-206).
-253
Let t(r) = -5*r**2 + 105*r + 17. Calculate t(21).
17
Let b(g) = g**3 + 67*g**2 - 267*g - 8898. Calculate b(-69).
3
Let r(a) = -169*a + 29537. Give r(175).
-38
Let x(h) = -5*h**2 + 416*h - 4319. Give x(12).
-47
Let r(j) = 2*j**3 - 92*j**2 + 21*j - 774. Calculate r(46).
192
Let x(u) = -2*u**2 - 10259*u - 30739. Calculate x(-3).
20
Let n(h) = 1251*h + 98863. What is n(-79)?
34
Let i(h) = -9*h**2 + 6015*h + 147384. Give i(692).
-12
Let u(s) = 54*s**2 - 163*s - 165. Give u(-1).
52
Let n(t) = 2*t**2 + 195*t - 11325. What is n(41)?
32
Let v(i) = -30*i**2 + 149*i + 925. Calculate v(-6).
-1049
Let m(q) = 20*q**2 - 249*q - 2. Determine m(16).
1134
Let k(p) = -p**3 - 137*p**2 - 20*p - 2695. Give k(-137).
45
Let n(h) = -h**3 + 46*h**2 + 2181*h - 372. Determine n(75).
78
Let x(o) = -1024*o + 4454. Give x(4).
358
Let y(h) = 29*h**2 - 204*h - 857. Determine y(10).
3
Let r(a) = a**2 + 3028*a - 85642. What is r(28)?
-74
Let d(z) = -2*z**3 - 24*z**2 + 12*z - 655. Give d(-13).
-473
Let r(t) = 69*t + 7012. Calculate r(-125).
-1613
Let r(k) = -20576*k - 1275581. What is r(-62)?
131
Let d(f) = -3281*f - 177202. What is d(-54)?
-28
Let b(k) = -2*k**2 + 387*k - 7806. Give b(22).
-260
L